remainder when 300 is divided by 42?
6
What is the remainder when 4682 is divided by 213?
209
What is the remainder when 106 is divided by 6?
4
What is the remainder when 736 is divided by 57?
52
What is the remainder when 975 is divided by 974?
1
Calculate the remainder when 10 is divided by 6.
4
What is the remainder when 75 is divided by 21?
12
Calculate the remainder when 178 is divided by 72.
34
Calculate the remainder when 20395 is divided by 6795.
10
Calculate the remainder when 247 is divided by 18.
13
Calculate the remainder when 60 is divided by 39.
21
What is the remainder when 1332 is divided by 31?
30
Calculate the remainder when 1171 is divided by 5.
1
What is the remainder when 32 is divided by 22?
10
What is the remainder when 156 is divided by 15?
6
What is the remainder when 1588 is divided by 37?
34
What is the remainder when 3217 is divided by 140?
137
What is the remainder when 169 is divided by 36?
25
Calculate the remainder when 1201 is divided by 242.
233
What is the remainder when 1394 is divided by 235?
219
Calculate the remainder when 610 is divided by 110.
60
What is the remainder when 438 is divided by 152?
134
Calculate the remainder when 558 is divided by 41.
25
What is the remainder when 108 is divided by 53?
2
What is the remainder when 3361 is divided by 57?
55
Calculate the remainder when 686 is divided by 37.
20
What is the remainder when 2098 is divided by 1048?
2
Calculate the remainder when 713 is divided by 103.
95
What is the remainder when 665 is divided by 29?
27
What is the remainder when 1729 is divided by 173?
172
What is the remainder when 326 is divided by 83?
77
Calculate the remainder when 404 is divided by 117.
53
Calculate the remainder when 16442 is divided by 55.
52
What is the remainder when 1132 is divided by 103?
102
What is the remainder when 420 is divided by 61?
54
Calculate the remainder when 501 is divided by 28.
25
What is the remainder when 1625 is divided by 162?
5
What is the remainder when 41937 is divided by 45?
42
Calculate the remainder when 268 is divided by 10.
8
Calculate the remainder when 2699 is divided by 12.
11
Calculate the remainder when 11798 is divided by 29.
24
Calculate the remainder when 72 is divided by 31.
10
What is the remainder when 165 is divided by 83?
82
What is the remainder when 620 is divided by 24?
20
What is the remainder when 7311 is divided by 2428?
27
Calculate the remainder when 694 is divided by 186.
136
Calculate the remainder when 205 is divided by 79.
47
Calculate the remainder when 1079 is divided by 539.
1
What is the remainder when 96 is divided by 21?
12
What is the remainder when 64 is divided by 22?
20
What is the remainder when 75 is divided by 19?
18
What is the remainder when 813 is divided by 134?
9
What is the remainder when 3341 is divided by 76?
73
What is the remainder when 5608 is divided by 33?
31
What is the remainder when 557 is divided by 47?
40
What is the remainder when 1710 is divided by 49?
44
What is the remainder when 3739 is divided by 24?
19
What is the remainder when 121 is divided by 12?
1
Calculate the remainder when 483 is divided by 61.
56
What is the remainder when 1292 is divided by 5?
2
What is the remainder when 3777 is divided by 105?
102
Calculate the remainder when 124 is divided by 57.
10
Calculate the remainder when 303 is divided by 277.
26
What is the remainder when 718 is divided by 18?
16
What is the remainder when 99 is divided by 88?
11
Calculate the remainder when 2065 is divided by 45.
40
Calculate the remainder when 104 is divided by 5.
4
What is the remainder when 11 is divided by 4?
3
Calculate the remainder when 386 is divided by 78.
74
What is the remainder when 758 is divided by 757?
1
Calculate the remainder when 1979 is divided by 16.
11
Calculate the remainder when 96 is divided by 29.
9
Calculate the remainder when 852 is divided by 45.
42
What is the remainder when 84 is divided by 17?
16
What is the remainder when 388 is divided by 8?
4
Calculate the remainder when 2608 is divided by 36.
16
What is the remainder when 122 is divided by 34?
20
What is the remainder when 8728 is divided by 30?
28
Calculate the remainder when 155 is divided by 48.
11
Calculate the remainder when 846 is divided by 423.
0
What is the remainder when 64 is divided by 33?
31
Calculate the remainder when 1447 is divided by 27.
16
What is the remainder when 159 is divided by 49?
12
What is the remainder when 61 is divided by 18?
7
Calculate the remainder when 214 is divided by 37.
29
Calculate the remainder when 333 is divided by 8.
5
What is the remainder when 1494 is divided by 251?
239
Calculate the remainder when 463 is divided by 37.
19
What is the remainder when 8320 is divided by 57?
55
What is the remainder when 967 is divided by 57?
55
Calculate the remainder when 853 is divided by 28.
13
Calculate the remainder when 2076 is divided by 104.
100
What is the remainder when 831 is divided by 164?
11
Calculate the remainder when 382 is divided by 140.
102
Calculate the remainder when 3806 is divided by 17.
15
Calculate the remainder when 368 is divided by 25.
18
Calculate the remainder when 152 is divided by 77.
75
Calculate the remainder when 151 is divided by 82.
69
What is the remainder when 98 is divided by 25?
23
Calculate the remainder when 1010 is divided by 210.
170
Calculate the remainder when 440 is divided by 21.
20
What is the remainder when 50 is divided by 9?
5
What is the remainder when 73 is divided by 15?
13
Calculate the remainder when 2767 is divided by 552.
7
Calculate the remainder when 1356 is divided by 59.
58
What is the remainder when 237 is divided by 27?
21
Calculate the remainder when 8062 is divided by 18.
16
Calculate the remainder when 295 is divided by 182.
113
Calculate the remainder when 551 is divided by 236.
79
Calculate the remainder when 136 is divided by 14.
10
Calculate the remainder when 188 is divided by 38.
36
What is the remainder when 146 is divided by 24?
2
Calculate the remainder when 164 is divided by 13.
8
What is the remainder when 282 is divided by 56?
2
What is the remainder when 811 is divided by 103?
90
What is the remainder when 5334 is divided by 1775?
9
What is the remainder when 2541 is divided by 41?
40
What is the remainder when 40 is divided by 2?
0
Calculate the remainder when 183 is divided by 23.
22
What is the remainder when 881 is divided by 221?
218
What is the remainder when 79 is divided by 48?
31
What is the remainder when 595 is divided by 30?
25
What is the remainder when 929 is divided by 15?
14
What is the remainder when 1123 is divided by 45?
43
What is the remainder when 3387 is divided by 15?
12
Calculate the remainder when 2846 is divided by 3.
2
What is the remainder when 183 is divided by 8?
7
What is the remainder when 342 is divided by 69?
66
What is the remainder when 8899 is divided by 4443?
13
Calculate the remainder when 1170 is divided by 51.
48
Calculate the remainder when 100 is divided by 12.
4
What is the remainder when 2493 is divided by 49?
43
What is the remainder when 1918 is divided by 19?
18
Calculate the remainder when 122 is divided by 33.
23
Calculate the remainder when 183 is divided by 46.
45
Calculate the remainder when 6488 is divided by 9.
8
Calculate the remainder when 78 is divided by 23.
9
What is the remainder when 1014 is divided by 653?
361
What is the remainder when 904 is divided by 132?
112
What is the remainder when 375 is divided by 35?
25
Calculate the remainder when 577 is divided by 319.
258
Calculate the remainder when 1185 is divided by 81.
51
Calculate the remainder when 78 is divided by 20.
18
Calculate the remainder when 320 is divided by 108.
104
Calculate the remainder when 415 is divided by 46.
1
Calculate the remainder when 111 is divided by 30.
21
What is the remainder when 33499 is divided by 25?
24
What is the remainder when 43 is divided by 13?
4
Calculate the remainder when 2876 is divided by 36.
32
Calculate the remainder when 3447 is divided by 4.
3
What is the remainder when 277 is divided by 40?
37
Calculate the remainder when 1745 is divided by 1734.
11
Calculate the remainder when 44979 is divided by 49.
46
What is the remainder when 2764 is divided by 464?
444